2*b**2 - 157*b + 30. Give z(4).
10
Let b(y) = 4*y**2 - 17*y - 179. Calculate b(-10).
391
Let a(o) = o**2 + 7*o - 315. Calculate a(-21).
-21
Let r(v) = -v**3 + 43*v**2 - 337*v - 1119. Determine r(31).
-34
Let g(i) = -4021*i + 12056. Calculate g(3).
-7
Let b(a) = a**2 + 278*a + 3463. Calculate b(-13).
18
Let y(l) = -6*l - 349. Give y(-23).
-211
Let x(f) = -f**3 + 8*f**2 - 7*f - 1. What is x(7)?
-1
Let i(c) = 294*c - 12627. Determine i(43).
15
Let q(i) = -i**3 + 13*i**2 + 61*i + 1028. Calculate q(19).
21
Let h(d) = -3*d**3 + 18*d - 15. Determine h(5).
-300
Let l(q) = -46*q + 1155. What is l(25)?
5
Let m(j) = -2*j**3 - 15*j**2 + 7*j - 12. Calculate m(-8).
-4
Let i(u) = 19*u**2 - 101*u + 95. What is i(4)?
-5
Let l(j) = 5*j**2 - 5*j - 54. Calculate l(-3).
6
Let r(a) = -5*a**2 + 13*a + 74. Determine r(-9).
-448
Let j(u) = u**3 + 12*u**2 + 54*u + 1147. What is j(-14)?
-1
Let p(l) = l**3 - 5*l**2 - 12*l + 57. Give p(5).
-3
Let s(d) = d**2 + 43*d - 351. Determine s(7).
-1
Let s(j) = 149*j + 17871. Determine s(-120).
-9
Let l(c) = c**3 + 6*c**2 + 183*c + 1332. Give l(-7).
2
Let j(z) = 55*z**3 + 73*z - 74. What is j(1)?
54
Let n(b) = b**2 + 309*b + 2408. Determine n(-8).
0
Let m(x) = 4*x - 43. What is m(10)?
-3
Let w(c) = -5*c**2 + 12*c + 1. Determine w(1).
8
Let u(q) = q**2 + 63*q + 88. Determine u(-61).
-34
Let o(h) = h**3 + 53*h**2 + 271*h - 523. Give o(-47).
-6
Let p(f) = 5*f**2 + 500*f + 1443. Determine p(-3).
-12
Let g(a) = 7*a**2 - 3*a - 156. Determine g(0).
-156
Let c(g) = 31*g**2 - 91*g - 596. What is c(-6)?
1066
Let b(h) = h**3 - 6*h**2 + 15*h - 52. Calculate b(3).
-34
Let f(h) = -2583*h + 28456. Determine f(11).
43
Let q(g) = g**2 - 34*g - 237. Give q(-6).
3
Let l(o) = -2*o**2 - 69*o - 214. Give l(-31).
3
Let h(f) = -f**2 + 9*f - 24. Determine h(6).
-6
Let n(g) = g**3 + 8*g**2 - 11*g - 36. Calculate n(-11).
-278
Let m(n) = -321*n - 3213. Give m(-10).
-3
Let j(o) = -3*o**2 - 192*o - 381. Determine j(-2).
-9
Let n(s) = -88*s - 24. Determine n(-1).
64
Let t(p) = -300*p - 2648. Give t(-9).
52
Let j(n) = -2*n**2 - 46*n - 385. Determine j(-9).
-133
Let i(b) = b**2 - 10*b - 228. Determine i(-10).
-28
Let m(b) = -1556*b - 14001. Give m(-9).
3
Let m(s) = -17*s + 979. Calculate m(57).
10
Let d(q) = 146*q + 7436. What is d(-51)?
-10
Let t(j) = j**3 + 10*j**2 - 67*j - 667. Determine t(-10).
3
Let p(c) = c**3 - 4*c**2 - 87. What is p(0)?
-87
Let m(w) = 5*w**2 - 50*w + 21. Calculate m(10).
21
Let d(g) = g**3 - 6*g**2 + 17*g - 84. Calculate d(5).
-24
Let v(o) = 44*o - 38. Give v(0).
-38
Let x(w) = w**2 + 36*w - 725. Determine x(14).
-25
Let m(d) = -8*d**2 + 303*d + 44. What is m(38)?
6
Let o(u) = 1439*u + 21586. What is o(-15)?
1
Let p(y) = -164*y + 5910. What is p(36)?
6
Let y(c) = 41*c**2 - 167*c - 3130. Give y(11).
-6
Let c(m) = 5*m + 167. Calculate c(6).
197
Let f(l) = l**3 - 125*l + 31. Determine f(11).
-13
Let v(i) = -i**3 + 56*i**2 + 383*i + 60. Give v(-6).
-6
Let s(z) = -z**2 - 165*z - 5686. What is s(-49)?
-2
Let z(f) = -5*f + 43. What is z(-6)?
73
Let c(d) = -1870*d - 11242. Give c(-6).
-22
Let f(g) = g**3 + 27*g**2 - 15*g - 134. Determine f(-27).
271
Let s(w) = 4*w**2 - 9*w + 13. Give s(2).
11
Let c(u) = u**3 + 69*u**2 + 179*u - 1252. Give c(-66).
2
Let j(b) = -10*b**2 + 47*b - 51. Determine j(2).
3
Let i(q) = -8*q**3 - 24*q**2 - 32*q + 5. Calculate i(-1).
21
Let k(y) = 92*y - 32. Calculate k(1).
60
Let x(v) = -20*v + 303. Give x(21).
-117
Let d(i) = 21*i + 270. Give d(-12).
18
Let g(p) = 67*p + 479. Calculate g(-7).
10
Let n(t) = -5*t**2 + 804*t + 177. Calculate n(161).
16
Let q(o) = 1818*o**2 + 10906*o - 19. Give q(-6).
-7
Let k(z) = 31*z**3 + 188*z**2 - 23*z - 219. Give k(-6).
-9
Let y(o) = -3*o**2 + 155*o - 256. Calculate y(50).
-6
Let z(c) = c**2 - 30*c + 245. What is z(21)?
56
Let g(z) = z**2 - 139*z + 560. Determine g(4).
20
Let l(z) = z**3 + 2*z**2 + 4*z + 3. Give l(-6).
-165
Let j(q) = -q**3 + 5*q**2 + 5*q + 17. Give j(7).
-46
Let j(r) = r**2 - 46*r - 269. Give j(51).
-14
Let b(s) = s**3 - 6*s**2 - 15*s + 23. What is b(9)?
131
Let o(v) = -v**2 - 129*v + 2841. Give o(19).
29
Let b(s) = s**2 + 15*s + 43. Give b(-7).
-13
Let a(k) = -114*k + 1613. Calculate a(20).
-667
Let f(c) = -1332*c - 3989. Calculate f(-3).
7
Let o(f) = -37*f - 492. Give o(-16).
100
Let l(f) = 2*f**2 + 11*f + 156. Calculate l(6).
294
Let a(z) = -z**3 - 21*z**2 - 12*z + 151. Give a(-20).
-9
Let y(s) = 25*s + 221. Give y(-8).
21
Let j(u) = -27*u + 241. Calculate j(6).
79
Let n(g) = g**2 - 53*g + 770. Give n(20).
110
Let f(w) = w**3 + 31*w**2 + 25*w + 1827. Calculate f(-32).
3
Let f(c) = -22*c - 389. Calculate f(-25).
161
Let h(v) = -v**3 + 12*v**2 + 41*v - 587. Give h(11).
-15
Let l(j) = j**2 + 23*j - 48. What is l(2)?
2
Let w(q) = 2*q**3 - 246*q**2 - 2958*q + 1333. Determine w(134).
-7
Let n(a) = -a**3 + a**2 - 108*a + 474. Calculate n(4).
-6
Let z(p) = -3*p**2 + 241*p - 4317. Give z(27).
3
Let d(h) = -h**3 + 22*h**2 + 81*h - 6. Calculate d(25).
144
Let o(d) = d**2 - 404*d + 29563. Determine o(96).
-5
Let f(w) = 44*w - 1066. Give f(25).
34
Let p(j) = 64*j + 4394. What is p(-69)?
-22
Let z(b) = 2*b**3 + 6*b**2 + 24*b + 54. What is z(-3)?
-18
Let m(v) = -8*v + 103. Calculate m(-20).
263
Let p(n) = 29*n**2 + 2291*n + 38. What is p(-79)?
38
Let w(f) = -13*f + 47. Determine w(8).
-57
Let h(i) = 2*i**3 - 4*i**2 + 2*i + 25. What is h(4)?
97
Let p(n) = -n**2 + 5*n + 30. Determine p(5).
30
Let o(l) = 3*l**2 - 44*l - 131. What is o(-3)?
28
Let t(n) = -2*n**3 - 2*n**2 + 36*n - 34. Give t(3).
2
Let m(h) = 55*h + 24. Calculate m(-1).
-31
Let d(n) = n**2 - 672*n - 2022. Give d(-3).
3
Let r(h) = -h**3 - 58*h**2 - 84*h - 1511. What is r(-57)?
28
Let l(g) = 11072*g + 88575. Calculate l(-8).
-1
Let x(p) = 5*p - 465. What is x(57)?
-180
Let x(c) = -11*c**2 + 157*c - 456. What is x(3)?
-84
Let r(x) = -x**2 - 19*x - 9. Calculate r(-1).
9
Let b(n) = -2*n**2 - 64*n + 283. Give b(-36).
-5
Let t(x) = 164*x**3 + 12*x**2 - 5*x - 8. Give t(1).
163
Let b(w) = 1720*w + 13799. Determine b(-8).
39
Let k(t) = 34*t**2 + 363*t - 731. What is k(2)?
131
Let n(p) = -4*p**3 + 114*p**2 - 61*p + 7. Calculate n(28).
-133
Let x(s) = -s**3 + 7*s**2 + 55*s + 49. Calculate x(12).
-11
Let o(r) = 2*r**3 - 11*r**2 + 44*r - 173. Give o(5).
22
Let f(g) = -9*g - 339. Calculate f(-37).
-6
Let j(f) = 405*f - 2437. Calculate j(6).
-7
Let h(u) = -38*u**2 - 278*u + 2324. What is h(5)?
-16
Let k(v) = -v**2 - 534*v - 1059. Determine k(-2).
5
Let b(v) = 75*v**2 - 170*v - 1. Give b(4).
519
Let a(w) = 2*w**3 - 86*w**2 + 80*w + 152. Calculate a(42).
-16
Let v(l) = 62*l + 389. Give v(-11).
-293
Let j(h) = 5*h**2 + 39*h + 128. What is j(-6)?
74
Let l(g) = 16*g + 3. Give l(-2).
-29
Let d(k) = k**3 - 14*k**2 + 18*k - 58. What is d(9)?
-301
Let y(i) = i**2 - 52*i + 192. Calculate y(31).
-459
Let k(m) = 3*m**2 + 141*m + 713. Determine k(-6).
-25
Let w(y) = -2*y**2 - 147*y - 1097. Give w(-65).
8
Let t(a) = -4*a**3 + a**2 - 35*a + 78. Calculate t(2).
-20
Let r(b) = -2*b**3 + 8*b**2 + 1044*b - 4179. What is r(4)?
-3
Let d(z) = 1392*z + 4180. Determine d(-3).
4
Let w(d) = 2*d**3 - 24*d**2 - 56*d - 14. Determine w(14).
-14
Let n(g) = 2*g**2 - 105*g - 291. Determine n(55).
-16
Let m(v) = v**3 + 42*v**2 + 429*v + 328. Calculate m(-26).
-10
Let m(w) = -77*w**2 + 3*w - 6. Give m(1).
-80
Let s(t) = -6*t - 68. Calculate s(-25).
82
Let u(r) = -r**2 - 84*r + 930. Give u(-94).
-10
Let p(w) = 872*w - 891. Calculate p(1).
-19
Let t(b) = -3*b - 227. Determine t(-39).
-110
Let u(a) = -231*a + 473. Calculate u(2).
11
Let v(o) = 3*o**2 - 189*o - 310. What is v(65)?
80
Let q(n) = n**3 + 110*n**2 - 2018*n - 246. What is q(-126)?
6
Let n(b) = -b**2 - 72*b - 739. Determine n(-60).
-19
Let h(c) = 19*c - 67. Determine h(16).
237
Let r(g) = -g**3 + 2*g**2 - 5*g - 541. Calculate r(0).
-541
Let w(q) = -q**2 + 17*q + 56. Determine w(-3).
-4
Let j(b) = -117*b - 22. Give j(0).
-22
Let x(p) = -p + 15. What is x(4)?
11
Let f(i) = -29*i**2 + 181*i + 5. What is f(6)?
47
Let z(c) = -27*c + 25. Calculate z(6).
-137
Let s(y) = 4*y**2 - 38*y + 1. Give s(10).
21
Let n(x) = -2*x**3 - 11*x**2 + 34*x + 66. Give n(-7).
-25
Let l(s) = 6*s**2 - 126*s + 111. Calculate l(22).
243
Let c(p) = -737*p - 2212. Determine c(-3).
-1
Let k(l) = 9*l - 277. Determine k(31).
2
Let g(l) = 89*l - 